git of 47637798?
4
What is the hundred thousands digit of 431532574?
5
What is the hundred millions digit of 957267742?
9
What is the tens digit of 462281314?
1
What is the ten thousands digit of 72887505?
8
What is the billions digit of 3877055705?
3
What is the ten millions digit of 3523557985?
2
What is the ten millions digit of 2612715236?
1
What is the hundreds digit of 246514324?
3
What is the ten millions digit of 338392557?
3
What is the hundred millions digit of 7626816787?
6
What is the hundred thousands digit of 2105369999?
3
What is the units digit of 45120040?
0
What is the millions digit of 710374997?
0
What is the hundreds digit of 576911217?
2
What is the hundred millions digit of 346226471?
3
What is the hundreds digit of 200324244?
2
What is the ten thousands digit of 259243038?
4
What is the hundreds digit of 483544539?
5
What is the thousands digit of 8250311?
0
What is the hundred thousands digit of 9491423880?
4
What is the tens digit of 518524137?
3
What is the thousands digit of 3394187226?
7
What is the hundreds digit of 6767269995?
9
What is the millions digit of 75788953?
5
What is the hundred millions digit of 362924829?
3
What is the ten millions digit of 8782301156?
8
What is the hundred thousands digit of 426286341?
2
What is the tens digit of 11722828?
2
What is the ten millions digit of 204649387?
0
What is the hundred millions digit of 1826317032?
8
What is the millions digit of 178933208?
8
What is the thousands digit of 1193090074?
0
What is the hundreds digit of 915298650?
6
What is the units digit of 59269092?
2
What is the hundreds digit of 45561050?
0
What is the hundred thousands digit of 4052477432?
4
What is the hundred thousands digit of 67594926?
5
What is the millions digit of 3909400096?
9
What is the ten millions digit of 58891500?
5
What is the ten millions digit of 46449731?
4
What is the ten thousands digit of 515628606?
2
What is the hundreds digit of 5528544?
5
What is the hundred millions digit of 966665945?
9
What is the ten thousands digit of 1227350357?
5
What is the thousands digit of 31354090?
4
What is the hundreds digit of 1095747814?
8
What is the thousands digit of 1982109084?
9
What is the tens digit of 3948374461?
6
What is the ten thousands digit of 110565388?
6
What is the hundred thousands digit of 319998393?
9
What is the hundreds digit of 27240442?
4
What is the hundred millions digit of 330971308?
3
What is the hundred millions digit of 258209333?
2
What is the hundred thousands digit of 733283887?
2
What is the ten millions digit of 90099565?
9
What is the tens digit of 134179897?
9
What is the tens digit of 288542756?
5
What is the thousands digit of 214108591?
8
What is the units digit of 2172878534?
4
What is the hundreds digit of 110605454?
4
What is the hundred thousands digit of 2753582716?
5
What is the hundreds digit of 1075815355?
3
What is the hundred thousands digit of 481460356?
4
What is the ten thousands digit of 3381198765?
9
What is the hundred millions digit of 1081159590?
0
What is the hundred millions digit of 436715991?
4
What is the hundreds digit of 59868073?
0
What is the tens digit of 2244785937?
3
What is the tens digit of 51292411?
1
What is the hundred thousands digit of 99634010?
6
What is the ten millions digit of 40880930?
4
What is the tens digit of 122426897?
9
What is the hundreds digit of 374649215?
2
What is the thousands digit of 2466114840?
4
What is the thousands digit of 5946640?
6
What is the billions digit of 1324103372?
1
What is the millions digit of 225571725?
5
What is the units digit of 181632806?
6
What is the ten millions digit of 51469978?
5
What is the millions digit of 234366350?
4
What is the ten thousands digit of 28033477?
3
What is the hundred millions digit of 271989177?
2
What is the units digit of 1800984397?
7
What is the ten millions digit of 177216266?
7
What is the ten thousands digit of 1052577192?
7
What is the ten thousands digit of 1509603852?
0
What is the thousands digit of 178428133?
8
What is the ten millions digit of 400389641?
0
What is the hundred thousands digit of 97317699?
3
What is the ten thousands digit of 369566816?
6
What is the hundreds digit of 16799930?
9
What is the tens digit of 55545068?
6
What is the millions digit of 49594510?
9
What is the ten thousands digit of 178401274?
0
What is the thousands digit of 22739684?
9
What is the ten thousands digit of 22397663?
9
What is the ten thousands digit of 402463367?
6
What is the hundreds digit of 182912214?
2
What is the millions digit of 4579796003?
9
What is the units digit of 29455714?
4
What is the hundred thousands digit of 158518029?
5
What is the millions digit of 63906909?
3
What is the millions digit of 835550658?
5
What is the thousands digit of 491740591?
0
What is the billions digit of 1847206831?
1
What is the tens digit of 445248217?
1
What is the units digit of 261493147?
7
What is the hundreds digit of 3806941929?
9
What is the tens digit of 76606772?
7
What is the hundred thousands digit of 77274126?
2
What is the ten thousands digit of 3399207093?
0
What is the thousands digit of 113976678?
6
What is the tens digit of 521500769?
6
What is the hundreds digit of 17895692?
6
What is the tens digit of 1782672354?
5
What is the billions digit of 2882821339?
2
What is the ten thousands digit of 40499051?
9
What is the units digit of 68181547?
7
What is the hundreds digit of 210630984?
9
What is the ten millions digit of 1600094266?
0
What is the ten millions digit of 128887718?
2
What is the ten millions digit of 475664170?
7
What is the ten thousands digit of 315179976?
7
What is the hundreds digit of 7534390941?
9
What is the ten millions digit of 39091010?
3
What is the hundred thousands digit of 74909824?
9
What is the units digit of 397142244?
4
What is the thousands digit of 89297328?
7
What is the hundred thousands digit of 550569096?
5
What is the hundreds digit of 38361138?
1
What is the hundreds digit of 15290869?
8
What is the hundred thousands digit of 1410364709?
3
What is the ten thousands digit of 464387507?
8
What is the hundred millions digit of 1853283421?
8
What is the tens digit of 75645722?
2
What is the ten thousands digit of 241103272?
0
What is the hundred thousands digit of 1229062?
2
What is the millions digit of 1175327518?
5
What is the units digit of 17948616?
6
What is the thousands digit of 1028222207?
2
What is the millions digit of 370406833?
0
What is the units digit of 574928046?
6
What is the ten millions digit of 334867228?
3
What is the ten thousands digit of 23444597?
4
What is the hundred thousands digit of 56252527?
2
What is the tens digit of 349394664?
6
What is the ten thousands digit of 154667516?
6
What is the tens digit of 16489592?
9
What is the ten thousands digit of 1676403384?
0
What is the ten millions digit of 13220539?
1
What is the thousands digit of 25050407?
0
What is the billions digit of 4336721203?
4
What is the units digit of 996978001?
1
What is the hundreds digit of 124490406?
4
What is the hundreds digit of 59534189?
1
What is the ten millions digit of 120715487?
2
What is the hundreds digit of 21339010?
0
What is the tens digit of 833994399?
9
What is the hundred thousands digit of 50623353?
6
What is the tens digit of 477137283?
8
What is the ten millions digit of 965709865?
6
What is the tens digit of 17837226?
2
What is the ten thousands digit of 27763427?
6
What is the thousands digit of 38634976?
4
What is the hundred thousands digit of 61145537?
1
What is the ten thousands digit of 180910707?
1
What is the ten thousands digit of 54459535?
5
What is the tens digit of 3158417?
1
What is the hundred millions digit of 1371826688?
3
What is the ten millions digit of 228427510?
2
What is the ten millions digit of 13465557?
1
What is the millions digit of 2059118?
2
What is the hundreds digit of 1560369608?
6
What is the hundred thousands digit of 168215314?
2
What is the hundreds digit of 1633619990?
9
What is the hundreds digit of 470811143?
1
What is the hundred thousands digit of 31805906?
8
What is the ten millions digit of 619074549?
1
What is the ten thousands digit of 12114007?
1
What is the units digit of 279941420?
0
What is the hundred thousands digit